{"version":"1.0","provider_name":"Rede Cultura Viva da Bahia","provider_url":"https:\/\/bahia.culturaviva.net.br\/pt","title":"Funda\u00e7\u00e3o Pierre Verger - Rede Cultura Viva da Bahia","type":"rich","width":600,"height":338,"html":"<blockquote class=\"wp-embedded-content\" data-secret=\"LWYFewNeXT\"><a href=\"https:\/\/bahia.culturaviva.net.br\/pt\/cultura\/culturaviva\/fundacao-pierre-verger\/\">Funda\u00e7\u00e3o Pierre Verger<\/a><\/blockquote><iframe sandbox=\"allow-scripts\" security=\"restricted\" src=\"https:\/\/bahia.culturaviva.net.br\/pt\/cultura\/culturaviva\/fundacao-pierre-verger\/embed\/#?secret=LWYFewNeXT\" width=\"600\" height=\"338\" title=\"&#8220;Funda\u00e7\u00e3o Pierre Verger&#8221; &#8212; Rede Cultura Viva da Bahia\" data-secret=\"LWYFewNeXT\" frameborder=\"0\" marginwidth=\"0\" marginheight=\"0\" scrolling=\"no\" class=\"wp-embedded-content\"><\/iframe><script>\n\/*! This file is auto-generated *\/\n!function(d,l){\"use strict\";l.querySelector&&d.addEventListener&&\"undefined\"!=typeof URL&&(d.wp=d.wp||{},d.wp.receiveEmbedMessage||(d.wp.receiveEmbedMessage=function(e){var t=e.data;if((t||t.secret||t.message||t.value)&&!\/[^a-zA-Z0-9]\/.test(t.secret)){for(var s,r,n,a=l.querySelectorAll('iframe[data-secret=\"'+t.secret+'\"]'),o=l.querySelectorAll('blockquote[data-secret=\"'+t.secret+'\"]'),c=new RegExp(\"^https?:$\",\"i\"),i=0;i<o.length;i++)o[i].style.display=\"none\";for(i=0;i<a.length;i++)s=a[i],e.source===s.contentWindow&&(s.removeAttribute(\"style\"),\"height\"===t.message?(1e3<(r=parseInt(t.value,10))?r=1e3:~~r<200&&(r=200),s.height=r):\"link\"===t.message&&(r=new URL(s.getAttribute(\"src\")),n=new URL(t.value),c.test(n.protocol))&&n.host===r.host&&l.activeElement===s&&(d.top.location.href=t.value))}},d.addEventListener(\"message\",d.wp.receiveEmbedMessage,!1),l.addEventListener(\"DOMContentLoaded\",function(){for(var e,t,s=l.querySelectorAll(\"iframe.wp-embedded-content\"),r=0;r<s.length;r++)(t=(e=s[r]).getAttribute(\"data-secret\"))||(t=Math.random().toString(36).substring(2,12),e.src+=\"#?secret=\"+t,e.setAttribute(\"data-secret\",t)),e.contentWindow.postMessage({message:\"ready\",secret:t},\"*\")},!1)))}(window,document);\n\/\/# sourceURL=https:\/\/bahia.culturaviva.net.br\/wp-includes\/js\/wp-embed.min.js\n<\/script>","thumbnail_url":"https:\/\/bahia.culturaviva.net.br\/wp-content\/uploads\/2025\/11\/fatumbi.webp","thumbnail_width":1280,"thumbnail_height":1599,"description":"Fonte: https:\/\/pierreverger.org\/ Hist\u00f3rico A Funda\u00e7\u00e3o Pierre Verger \u00e9 uma institui\u00e7\u00e3o sem fins lucrativos, cuja sede funciona desde 1988 em Salvador, no bairro do Engenho Velho de Brotas, na casa onde Pierre Verger viveu. Ela tem como miss\u00e3o preservar o acervo e a mem\u00f3ria de seu fundador, al\u00e9m de propor atividades culturais e socioeducativas para a [&hellip;]"}

Fundação Pierre Verger - Rede Cultura Viva da Bahia

<blockquote class="wp-embedded-content" data-secret="LWYFewNeXT"><a href="https://bahia.culturaviva.net.br/pt/cultura/culturaviva/fundacao-pierre-verger/">Fundação Pierre Verger</a></blockquote><iframe sandbox="allow-scripts" security="restricted" src="https://bahia.culturaviva.net.br/pt/cultura/culturaviva/fundacao-pierre-verger/embed/#?secret=LWYFewNeXT" width="600" height="338" title="&#8220;Fundação Pierre Verger&#8221; &#8212; Rede Cultura Viva da Bahia" data-secret="LWYFewNeXT" frameborder="0" marginwidth="0" marginheight="0" scrolling="no" class="wp-embedded-content"></iframe><script>
/*! This file is auto-generated */
!function(d,l){"use strict";l.querySelector&&d.addEventListener&&"undefined"!=typeof URL&&(d.wp=d.wp||{},d.wp.receiveEmbedMessage||(d.wp.receiveEmbedMessage=function(e){var t=e.data;if((t||t.secret||t.message||t.value)&&!/[^a-zA-Z0-9]/.test(t.secret)){for(var s,r,n,a=l.querySelectorAll('iframe[data-secret="'+t.secret+'"]'),o=l.querySelectorAll('blockquote[data-secret="'+t.secret+'"]'),c=new RegExp("^https?:$","i"),i=0;i<o.length;i++)o[i].style.display="none";for(i=0;i<a.length;i++)s=a[i],e.source===s.contentWindow&&(s.removeAttribute("style"),"height"===t.message?(1e3<(r=parseInt(t.value,10))?r=1e3:~~r<200&&(r=200),s.height=r):"link"===t.message&&(r=new URL(s.getAttribute("src")),n=new URL(t.value),c.test(n.protocol))&&n.host===r.host&&l.activeElement===s&&(d.top.location.href=t.value))}},d.addEventListener("message",d.wp.receiveEmbedMessage,!1),l.addEventListener("DOMContentLoaded",function(){for(var e,t,s=l.querySelectorAll("iframe.wp-embedded-content"),r=0;r<s.length;r++)(t=(e=s[r]).getAttribute("data-secret"))||(t=Math.random().toString(36).substring(2,12),e.src+="#?secret="+t,e.setAttribute("data-secret",t)),e.contentWindow.postMessage({message:"ready",secret:t},"*")},!1)))}(window,document);
//# sourceURL=https://bahia.culturaviva.net.br/wp-includes/js/wp-embed.min.js
</script>

Fonte: https://pierreverger.org/ Histórico A Fundação Pierre Verger é uma instituição sem fins lucrativos, cuja sede funciona desde 1988 em Salvador, no bairro do Engenho Velho de Brotas, na casa onde Pierre Verger viveu. Ela tem como missão preservar o acervo e a memória de seu fundador, além de propor atividades culturais e socioeducativas para a [&hellip;]
